or of t and 56.
28
Suppose 4*f = z + 19, -4*z + 9 = -7*z. Suppose l - 52 = 4*p, p + 128 = 3*l + 3*p. Calculate the greatest common divisor of l and f.
4
Let f(v) = -v + 3. Let x be f(-8). Suppose -2*i + 4*c = -2 - 16, -2*i - 2*c = -24. What is the highest common factor of x and i?
11
Suppose 3*n + 5*w = 373, w + 9 = -2*n + 267. Let t = n + -66. Suppose -6 - 32 = -2*g - 4*y, 50 = 5*g - 5*y. What is the highest common divisor of t and g?
13
Suppose 0 = -0*k + 2*k - 12. Calculate the highest common factor of 9 and k.
3
Let z = -3 + 6. Suppose 4*w - 5*w + z = 0. Suppose h = -w*h + 396. What is the greatest common factor of h and 9?
9
Let q(z) = z**3 - 4*z**2. Let x be q(4). Suppose -95 = -x*y - 5*y. Calculate the highest common divisor of 76 and y.
19
Let u = 7 + -4. Suppose 12 = u*c - 0*c. Suppose -5*f + 3*z = -4, -2*z = 2 - 6. What is the highest common factor of c and f?
2
Let f(p) = 11*p - 33. Let n be f(11). Calculate the greatest common factor of 22 and n.
22
Let a = -71 - -110. Calculate the greatest common factor of a and 26.
13
Let a = 324 + -203. What is the greatest common divisor of a and 11?
11
Suppose 0 = -2*l + 2 + 6. Let b = -8 - -36. What is the greatest common factor of b and l?
4
Let i(z) = 2*z - 15. Let m be i(10). Calculate the highest common factor of m and 35.
5
Let l be 3/(3 + 200/(-68)). Calculate the highest common divisor of 17 and l.
17
Suppose 0 = -4*m + 11 - 3. Suppose -m*n = -2*j + 92, 0*j - 5*j + 222 = 3*n. Suppose 0*c = 3*c - 54. Calculate the highest common factor of j and c.
9
Suppose -45 - 203 = -8*f. Calculate the greatest common factor of f and 341.
31
Let f(x) = x + 6. Let v be f(-5). What is the highest common divisor of v and 9?
1
Let b(p) = p**3 - 4*p**2 - 5*p - 6. Let f be b(6). Suppose -3*c = -3*a + 15, 4*c - 6*c = 2*a + 6. Let r = 5 - a. What is the greatest common divisor of f and r?
4
Let k be (-18)/((2/(-8))/1). Suppose -12 = 4*x - 7*x. Suppose 7*q - 2*q - x*b - 24 = 0, 2*b = -5*q + 48. Calculate the highest common factor of k and q.
8
Suppose 0 = r, -3*k - r = -7*k + 64. Let v = 32 - 8. What is the highest common divisor of k and v?
8
Let s(u) = -3*u**2 + 7*u + 1. Let z be s(5). Let i = 64 + z. Let a = i + -12. What is the highest common factor of 78 and a?
13
Suppose 0*z - o = -5*z + 109, -3*z = 3*o - 51. Calculate the greatest common divisor of 21 and z.
21
Suppose q + 9 = -7. Let j be (8/q)/(1/(-28)). What is the highest common divisor of 154 and j?
14
Let y = -119 + 172. Let t = 75 - y. Let m be 4*(3/2)/3. What is the highest common divisor of t and m?
2
Let n = -353 - -380. Suppose 10 = 3*v - 17. What is the greatest common divisor of n and v?
9
Let r = 107 + -75. What is the greatest common factor of 8 and r?
8
Let a be 1/3 + 34/6. Let z = -11 - -5. Let q be 1*3 - (-6)/z. What is the highest common divisor of a and q?
2
Suppose i - 4*i + m = -397, -2*m - 2 = 0. Calculate the highest common factor of 12 and i.
12
Suppose -w - 2 = -8. Let f(h) = 2*h**2 - 9*h + 2. Let j be f(w). Suppose -2*s = -4*s + n + j, -n = s - 4. Calculate the highest common factor of s and 20.
4
Let z(a) = a + 17. Let r be z(-15). Suppose 5*m - 52 = j, 2*m = 3*m - r*j - 14. Suppose -9 = -i + 1. What is the highest common factor of m and i?
10
Let z(h) be the first derivative of 109*h**3/3 + h**2/2 - 2*h + 10. Let f be z(1). Calculate the greatest common factor of 12 and f.
12
Let t(s) = s**2 + 3*s - 3. Let g be t(-4). Let d = -17 + 26. Let x be (-6)/(3*(-2)/d). What is the greatest common factor of x and g?
1
Suppose -2 - 13 = -5*c. Let j = c - 2. Suppose -4*n = -j - 15. What is the highest common divisor of 12 and n?
4
Let k be ((-6)/12)/(2/4). Let b be 1 + (14 + k)/1. Let c be 0/2 - (3 - b). Calculate the greatest common divisor of 55 and c.
11
Let g = 154 + -37. What is the greatest common divisor of g and 13?
13
Let x(k) = -3*k**2 + 5*k - 8. Suppose g = -g + 18. Let m be x(g). Let w = m - -302. What is the greatest common divisor of 12 and w?
12
Let n(f) = -32*f + 1. Let c be n(-1). Calculate the highest common factor of 22 and c.
11
Let h = 3 + 0. Suppose 0 = -g - 2*g - 12. Let x be (g/h)/(10/(-105)). What is the highest common divisor of x and 42?
14
Let u be -144*(4/(-2) + 1). What is the greatest common divisor of 16 and u?
16
Suppose -i + 5*i = 144. Calculate the highest common divisor of 24 and i.
12
Suppose 0 = -51*v + 53*v - 90. What is the greatest common factor of 15 and v?
15
Suppose 46 = 6*t - 5*t + 2*k, 0 = -4*t - 2*k + 154. What is the highest common factor of t and 9?
9
Let u = 4 + 1. Let l be (-5)/(-2)*4/u. What is the highest common factor of 16 and l?
2
Let y be (4/(-6))/((-2)/3). Let q(d) = 25*d**3 + d**2 + d - 1. Let j be q(y). Let t = j - 16. Calculate the highest common divisor of t and 70.
10
Let n = -19 - 22. Let s = n - -85. Let l(o) = -o**3 - 5*o**2 - 2*o + 1. Let y be l(-5). What is the greatest common divisor of s and y?
11
Suppose -2*l + 10 = 3*l, 5*m = l + 198. What is the highest common factor of 100 and m?
20
Let s = 33 - -14. Let c(d) = -5*d + 2. Let i be c(5). Let z = i + s. What is the greatest common factor of 3 and z?
3
Let m(x) = 7*x - 3. Let q be m(1). Calculate the highest common factor of q and 4.
4
Suppose 3*z = 4*m - m - 15, 0 = 4*m + 2*z - 14. Let x = 10 - 10. Let q be (-4)/m*(-4 - x). What is the highest common factor of 20 and q?
4
Let p = -24 + 29. What is the greatest common factor of p and 15?
5
Let p = -6 + 38. What is the greatest common factor of 48 and p?
16
Let j(h) = -4*h**3 - 4*h**2 - h + 2. Let c be j(-2). What is the highest common divisor of 100 and c?
20
Let l(v) = v**2 - 4*v - 7. Let p be l(6). Let f = 4 - 2. Let x be 4*14 + (1 - f). What is the greatest common divisor of x and p?
5
Suppose 0 = 4*s - 3*t - 126, 8 - 40 = -s + t. Suppose 4*i - 83 = 3*g + 868, -4*i = 2*g - 966. Calculate the highest common divisor of s and i.
30
Let l(f) = 2*f**2 + f + 1. Suppose -2*g + 0 = -4. Let v be l(g). Let i(c) = -c**3 + 10*c**2 - 5*c. Let y be i(8). What is the highest common divisor of v and y?
11
Let w = 4 - -3. Let a be (-136)/(-10) + (-2)/(-5). What is the highest common divisor of a and w?
7
Suppose b = 2*q - 4*b - 368, -5*q - 2*b + 949 = 0. Let c be (-1)/(-3)*(-2 + 83). Calculate the highest common divisor of q and c.
27
Suppose 0 = -5*b + 2*l - 5 + 15, 4*l - 20 = 0. Let u be 2 + 0/(3 + 1). Suppose s + u*s = 96. What is the greatest common factor of b and s?
4
Suppose 37 + 21 = g + 4*t, -322 = -5*g - 4*t. Suppose 0 = 2*u - u - 6. What is the highest common factor of u and g?
6
Suppose 2*w = 3*w - 6. Let r be -8 - (-1)/1 - -1. Let f = r - -24. What is the highest common factor of f and w?
6
Let b(d) = -d**3 + 10*d + 2. Let s be b(-5). What is the highest common factor of 7 and s?
7
Suppose 0 = 31*g - 30*g - 49. What is the highest common divisor of 7 and g?
7
Suppose 3*x - x - 2 = 0, -5*k + 66 = x. What is the highest common factor of k and 13?
13
Let y(m) = -248*m - 248*m + m**3 + 3 + 485*m + 8*m**2. Suppose 0 = 4*w + 2 + 34. Let h be y(w). Calculate the highest common divisor of h and 3.
3
Let c(w) = -w**3 + 13*w**2 - 11*w. Let q be c(12). What is the highest common factor of q and 108?
12
Suppose -7*x + 5*x + 10 = 0. Suppose -6*o + x*a + 60 = -2*o, 4*o - a = 76. What is the greatest common divisor of 80 and o?
20
Let r = 292 - 149. What is the greatest common factor of r and 13?
13
Let c(t) = 3*t - 1. Let o be c(7). Suppose -2*a = 5*n + 2, 4*n + n + o = 0. Let q be ((-6)/5)/(1/(-60)). Calculate the greatest common factor of a and q.
9
Let n = 57 - 13. Suppose -5*t + 9*t = n. What is the highest common divisor of 88 and t?
11
Let r(b) = -b. Let t(o) = 6*o - 2. Let u(q) = -2*r(q) - t(q). Let p be u(-2). Let d be 6/(-15) + 134/p. What is the highest common divisor of 91 and d?
13
Let b be -3 + 6 - 1 - 2. Let m(i) = -i**2 + i + 25. Let j be m(b). What is the greatest common factor of 5 and j?
5
Suppose 4*b = -2*h - h + 83, -2*h - 58 = -3*b. Let k be (-10)/(-4)*24/b. Suppose -v = -k*v + 54. What is the highest common divisor of 18 and v?
9
Suppose -5*z + 121 + 4 = 0. Calculate the highest common divisor of 200 and z.
25
Let h(s) = 24*s - 4. Let c(v) = v**3 - 13*v**2 + 4. Let a be c(13). Let y be h(a). Calculate the greatest common divisor of 23 and y.
23
Let y(b)